{"id":88,"date":"2022-01-05T10:45:20","date_gmt":"2022-01-05T10:45:20","guid":{"rendered":"https:\/\/aperturapartitaiva.it\/?page_id=88"},"modified":"2022-01-05T13:17:13","modified_gmt":"2022-01-05T13:17:13","slug":"la-nostra-identita-e-missione","status":"publish","type":"page","link":"https:\/\/aperturapartitaiva.it\/?page_id=88","title":{"rendered":"La nostra Identit\u00e0 e missione"},"content":{"rendered":"\n<h2 class=\"wp-block-heading\"><\/h2>\n\n\n\n<p>Nello\u00a0<strong>Studio Prima Business<\/strong>\u00a0Professionisti di grande esperienza, leader in Italia nell&#8217;ambito del\u00a0<strong>Diritto Tributario e nel contenzioso con Agenzia delle Entrate Riscossione (Ex Equitalia)<\/strong>, si dedicano con passione e professionalit\u00e0 pi\u00f9 in generale a questioni inerenti il diritto civilistico con lo scopo di creare un solo punto di riferimento per gli Utenti che necessitano di consulenze accurate, sicure ed affidabili, con servizi di assistenza che giungono ad altissimi livelli di specializzazione. <\/p>\n\n\n\n<p>L&#8217;intento \u00e8 offrire la migliore assistenza possibile ai Clienti, cos\u00ec da risolvere concretamente le problematiche sottoposte. <\/p>\n\n\n\n<p>I nostri uffici sono all&#8217;interno di un moderno edificio, con ambienti finemente arredati e dotato di parcheggio. Previo\u00a0<a href=\"https:\/\/primabusiness.it\/contact.html\"><strong>appuntamento<\/strong><\/a>, saremo disponibili per un confronto diretto, volto a gestire e risolvere le situazioni pi\u00f9 complesse e specifiche. I servizi possono essere offerti in tutta Italia, attraverso moderni sistemi telematici che eliminano costi superflui in termini di tempo e per gli spostamenti. <\/p>\n\n\n\n<p>Lo Studio Legale e Commerciale Prima Business raccoglie nella stessa struttura consulenza\u00a0<a href=\"https:\/\/primabusiness.it\/services.html\">legale e fiscale<\/a>, cos\u00ec da seguire imprese e privati sotto ogni aspetto. Gestendo in modo centralizzato ogni esigenza evitiamo la dispersione dei dati ed ottimizziamo il lavoro a vantaggio dei nostri Clienti.<br><br>Il nostro Team, composto da\u00a0<strong>Avvocati, Commercialisti e Notai<\/strong>\u00a0esterni, \u00e8 pronto ad affrontare e risolvere una grande quantit\u00e0 di problematiche dalle pi\u00f9 semplici alle pi\u00f9 complesse, che i Clienti sottoporranno. <\/p>\n\n\n\n<p>Massima efficienza e <strong>costi dilazionabili<\/strong> ci contraddistinguono, per rendere il miglior servizio possibile raggiungendo gli obiettivi prefissati. <\/p>\n\n\n\n<p>Il settore commercialistico riesce a soddisfare esigenze di gestione contabile ottimizzata che, in concomitanza con una consulenza pi\u00f9 ampia di organizzazione d&#8217;impresa, ha lo scopo di\u00a0<strong>ridurre al minimo i costi di esercizio e massimizzare i guadagni dei Clienti<\/strong>.<br><br>Come Clienti dello Studio Prima Business avrete certezza sugli obiettivi da raggiungere con procedure chiare, definite e progressive,\u00a0<strong>costi precisi e omnicomprensivi e la possibilit\u00e0 di rateizzo della parcella preventivata<\/strong>, in quanto Noi\u00a0<strong>siamo sicuri del nostro operato<\/strong> !<\/p>\n\n\n\n<p><\/p>\n\n\n\n<div class=\"wp-block-image is-style-rounded\"><figure class=\"aligncenter size-full is-resized\"><img loading=\"lazy\" decoding=\"async\" src=\"https:\/\/aperturapartitaiva.it\/wp-content\/uploads\/2022\/01\/edificio1.png\" alt=\"\" class=\"wp-image-57\" width=\"468\" height=\"621\" srcset=\"https:\/\/aperturapartitaiva.it\/wp-content\/uploads\/2022\/01\/edificio1.png 443w, https:\/\/aperturapartitaiva.it\/wp-content\/uploads\/2022\/01\/edificio1-226x300.png 226w\" sizes=\"auto, (max-width: 468px) 100vw, 468px\" \/><\/figure><\/div>\n\n\n\n<p><\/p>\n","protected":false},"excerpt":{"rendered":"<p>Nello\u00a0Studio Prima Business\u00a0Professionisti di grande esperienza, leader in Italia nell&#8217;ambito del\u00a0Diritto Tributario e nel contenzioso con Agenzia delle Entrate Riscossione (Ex Equitalia), si dedicano con passione e professionalit\u00e0 pi\u00f9 in generale a questioni inerenti il diritto civilistico con lo scopo di creare un solo punto di riferimento per gli Utenti che necessitano di consulenze accurate, [&hellip;]<\/p>\n","protected":false},"author":1,"featured_media":0,"parent":0,"menu_order":4,"comment_status":"closed","ping_status":"closed","template":"","meta":{"footnotes":""},"class_list":["post-88","page","type-page","status-publish","hentry"],"_links":{"self":[{"href":"https:\/\/aperturapartitaiva.it\/index.php?rest_route=\/wp\/v2\/pages\/88","targetHints":{"allow":["GET"]}}],"collection":[{"href":"https:\/\/aperturapartitaiva.it\/index.php?rest_route=\/wp\/v2\/pages"}],"about":[{"href":"https:\/\/aperturapartitaiva.it\/index.php?rest_route=\/wp\/v2\/types\/page"}],"author":[{"embeddable":true,"href":"https:\/\/aperturapartitaiva.it\/index.php?rest_route=\/wp\/v2\/users\/1"}],"replies":[{"embeddable":true,"href":"https:\/\/aperturapartitaiva.it\/index.php?rest_route=%2Fwp%2Fv2%2Fcomments&post=88"}],"version-history":[{"count":4,"href":"https:\/\/aperturapartitaiva.it\/index.php?rest_route=\/wp\/v2\/pages\/88\/revisions"}],"predecessor-version":[{"id":93,"href":"https:\/\/aperturapartitaiva.it\/index.php?rest_route=\/wp\/v2\/pages\/88\/revisions\/93"}],"wp:attachment":[{"href":"https:\/\/aperturapartitaiva.it\/index.php?rest_route=%2Fwp%2Fv2%2Fmedia&parent=88"}],"curies":[{"name":"wp","href":"https:\/\/api.w.org\/{rel}","templated":true}]}}